 = 43 - y. What is the units digit of j?
6
Let s(y) be the second derivative of -7*y**3/2 + 57*y**2 - 9*y. What is the hundreds digit of s(-14)?
4
Let i = -9902 - -15859. What is the thousands digit of i?
5
Let t = 659 - 157. Suppose -1717 = -3*o - t. What is the tens digit of o?
0
Suppose 43*k + 151*k - 5395188 = -18*k. What is the ten thousands digit of k?
2
Suppose 0 = 46*j - 47*j + 13. Suppose j*w - 50*w + 19980 = 0. What is the hundreds digit of w?
5
Suppose 5*d + 11 = -n - 81, -4*n - 3*d = 317. Let z = 228 - n. What is the tens digit of z?
0
Let m be 2/9 - (-2667)/27. Let i(g) = -g**3 + 6*g**2 - 3*g - 4. Let h be i(4). Let f = m + h. What is the hundreds digit of f?
1
Let y = 17258 + -10193. What is the tens digit of y?
6
Suppose 5*x + 10*k - 65256 = 12*k, 0 = x - k - 13047. What is the hundreds digit of x?
0
Let n(c) = -152*c - 14 + c**3 - 1 + 302*c - 156*c + 16*c**2. What is the hundreds digit of n(-13)?
5
Let n = 3924 - 1875. Let p = n - 1414. What is the hundreds digit of p?
6
Let b = -166 + 172. Suppose b*g = -0*g + 2394. What is the units digit of g?
9
Let x(b) be the first derivative of 15*b**2/2 + 153*b - 10. Let m(n) = 4*n + 38. Let k(t) = -9*m(t) + 2*x(t). What is the units digit of k(-13)?
2
Suppose -14 = 3*n + 4*d, 4*d + 0*d = -4*n - 12. What is the tens digit of 64190/28*n/5?
1
Let z(h) = -2*h**2 + 9*h - 2. Let s(a) = -5*a + 14. Let i be s(4). Let v(t) = -4*t**2 + 19*t - 5. Let c(u) = i*v(u) + 11*z(u). What is the units digit of c(11)?
5
Suppose -15 = -3*x - 6. Let s be 119*x/(-33) + 6/(-33). Let g(c) = -c**3 - 11*c**2 - 5*c + 13. What is the tens digit of g(s)?
6
Let p(m) = -125*m + 364. Let z be (1 + 11 + -6)*-1 + 1. What is the tens digit of p(z)?
8
Let k(q) = q**3 - 5*q**2 + 5*q - 8. Let o be k(4). Let z(l) = 2*l**3 + 3*l**2 + l - 1. Let m be z(o). What is the units digit of (m/2)/((-7)/14)?
5
Let c(v) = -v**2 - 22*v - 22. Let p be c(-18). Suppose p = 5*m - 0*m. Suppose m*d - 1066 = -96. What is the units digit of d?
7
Suppose 5 = 3*n - 2*s + s, 3*n - 2*s - 4 = 0. Let r be (206/10 + 3)/(n/10). Let d = 266 - r. What is the tens digit of d?
4
Let v = -23441 - -36363. What is the tens digit of v?
2
Suppose -2*l - 3*l + 436 = -3*z, 2*z = -4*l - 276. Suppose 14 + 235 = -3*p. Let s = p - z. What is the units digit of s?
9
Let u = 589 - 589. What is the tens digit of 1 + -2 + (1 - (-586 - u))?
8
Let a(d) = 2*d**2 + 48*d + 166. Let x be a(-20). Let f(o) = o**3 + 6*o**2 + 3*o - 1. Let i be f(-5). What is the units digit of (-3)/(i/x) + 132?
0
Let y = -37 - -40. Let i(l) = -2*l**2 + 0*l**y - 21 - 19*l**3 - 3*l + 16 + 4*l**2. What is the tens digit of i(-2)?
6
Let i(t) = 27776*t**2 - 2*t + 3. What is the hundreds digit of i(-1)?
7
Let h = 21319 - -14133. What is the thousands digit of h?
5
Suppose 1525*s - 583225 = 1500*s. What is the hundreds digit of s?
3
Suppose 3*h - 5*m - 3503 = 12591, -5*h - 2*m = -26782. What is the thousands digit of h?
5
Suppose 8*o = -200 - 136. What is the tens digit of 21/o - (-1105)/2?
5
Suppose 76*w - 64850 = 321*w - 285105. What is the hundreds digit of w?
8
Let r be 6/(-20) - 134849/(-130). Suppose 3*l - r = -5*s + 183, -4*s + 976 = 2*l. What is the tens digit of s?
4
Suppose 2*f = 4*t - 33616, -5*f = -t - 1791 + 10204. What is the tens digit of t?
0
Let t be (107*140)/(5/((-30)/(-4))). Suppose x + 29*x = t. What is the hundreds digit of x?
7
Suppose 4*r + 460*x - 465*x - 78282 = 0, 2*r - 4*x = 39132. What is the hundreds digit of r?
5
Let j(b) = 11*b**2 + 2*b. Let c be j(5). Let m = c - 119. What is the hundreds digit of m?
1
What is the tens digit of (101 + 1)*((-25)/10 + (-55)/(-10))?
0
Let d(o) be the second derivative of 2*o**3 - 12*o**2 - 42*o. Suppose -20*v - 47 = -187. What is the units digit of d(v)?
0
Suppose -13*x - 18*x + 30380 = 0. Let n = 1513 - x. What is the tens digit of n?
3
Let j = 19707 + -3715. What is the units digit of j?
2
Let p = 22 - -40. Suppose 4*z + p = -142. Let d = z - -106. What is the tens digit of d?
5
Let f = -87288 - -132642. What is the thousands digit of f?
5
Let m be -74 + (0 - (-2 - -9)). What is the tens digit of (2 + (1 - -2304))*(-54)/m?
3
Let q(s) = 4*s + 28. Let h be q(-7). Suppose 112*f - 111*f - 998 = h. What is the tens digit of f?
9
Let h = 11308 - 2438. What is the units digit of h?
0
Let t = 7752 + 3567. What is the ten thousands digit of t?
1
Let v = 988 + -410. Suppose -2*b + 2*u - v = 0, -7 = -2*u + 3. What is the units digit of (-10)/15 + b/(-12)?
3
Suppose c + 5*d + 17 = 0, 2*c + 18 = -3*d - 2. Let m(r) be the third derivative of -r**4/6 - 4*r**3/3 - 14*r**2. What is the units digit of m(c)?
0
Suppose -6*g + 2*g + 92 = 4*r, -4*r - 68 = -4*g. Let f be 3148/g + (9/15)/1. Suppose 0 = -4*p + f + 66. What is the units digit of p?
6
Let w = 2258 - -4016. What is the hundreds digit of w?
2
What is the tens digit of 1 + ((-2 - -1)/(1/3747))/(-1)?
4
Let n be 10/(-20)*(-3 - (-2 - -1)). Let j be -20 + 17 + (n - -9). Let c(p) = 23*p + 33. What is the units digit of c(j)?
4
Let q = -15873 + 70149. What is the units digit of q?
6
Let o(z) = 29 - 24 + 13*z - 6*z**3 + z**3 + z**2 + 2*z**3. What is the hundreds digit of o(-6)?
6
Let k = -412 + 624. Let j = k + -105. What is the tens digit of j?
0
Suppose 1288 = -64*t - 3192. Suppose 4*j - 885 = 5*p, 5*j - 2*j - 5*p = 665. Let g = t + j. What is the hundreds digit of g?
1
Let l(f) = 7*f**2 - 13*f + 14. Suppose 9*z = -74 - 25. What is the hundreds digit of l(z)?
0
Let i = 2970 + 374. What is the thousands digit of i?
3
What is the hundreds digit of 16/12*((-362294)/(-8) - 7)?
3
Suppose 3*b + 12 = -2*t + 7*t, -2*b = 4*t - 14. Suppose l + 0 = -2*q + 46, t*q + 2*l - 67 = 0. Suppose 2*s = q + 19. What is the tens digit of s?
2
Suppose 14*r = 35*r - 22*r + 24978. What is the ten thousands digit of r?
2
Let g(s) = 57*s**2 - 27. What is the thousands digit of g(-6)?
2
Let y(d) = 5*d**2 - 74*d + 220. What is the thousands digit of y(40)?
5
Let q be ((-100)/175)/(2/(-1379)). Let l = 866 - q. What is the tens digit of l?
7
Let d = 74420 - 6799. What is the hundreds digit of d?
6
Let c(d) = d**2 - 14*d + 37. Let l = 5 + 9. Suppose 5*v = l*v - 144. What is the tens digit of c(v)?
6
Let c = 69793 + -117209. What is the thousands digit of (-3)/(-5) - (-7)/((-280)/c)?
1
Let y(f) = 281*f + 177. What is the hundreds digit of y(4)?
3
Suppose 27*j = 10 + 260. Suppose 1011 = j*c - 279. What is the tens digit of c?
2
Let s = 593 - -1159. What is the thousands digit of s?
1
Suppose -95 + 31 = 32*l. Let h(i) = 129*i**2 + 2*i - 5. What is the hundreds digit of h(l)?
5
Let u = -10 + 19. Suppose -5*k + 81 = -5*x - u, -3*k = -x - 48. Suppose -v = -k - 25. What is the tens digit of v?
4
Suppose 8*b - 20 = 20. Suppose -330 = -5*i + b*u, 2*u - 229 = -4*i - u. Suppose -x + 4*x + 3*w - 57 = 0, 0 = -4*x - w + i. What is the units digit of x?
4
Let w(h) = -3*h**3 - 43*h**2 + 118*h + 55. Let x(l) = l**3 + 14*l**2 - 39*l - 18. Let c(s) = 6*w(s) + 17*x(s). What is the units digit of c(-22)?
2
Suppose 89700 = 2*o - 5*i, -3*i - 36642 - 8207 = -o. What is the tens digit of o?
5
Let n be 40/15 + 10/(-6) + 3. Suppose n*j - 5*s = 1619, -2*s - 1 + 3 = 0. What is the units digit of j?
6
Let z be 1 - (0 + -9) - -1. Let l = z + -2. Suppose 2*x + l*x = 1925. What is the tens digit of x?
7
Let j(c) = -c**2 - 4*c - 7. Let q be j(-5). Let s = q - -24. Suppose -s - 695 = -7*n. What is the tens digit of n?
0
Suppose -23239 + 906 = -23*b. What is the tens digit of b?
7
Let a(b) = 17*b - 3 - 5 - 32. Let l be a(6). Let f = 86 - l. What is the units digit of f?
4
Suppose -6*c + 415 = -c. Suppose 15 - c = -4*f. What is the units digit of f?
7
What is the units digit of 0 + 12 - (-24274)/53?
0
Suppose -18*l + 94764 = 25986. What is the thousands digit of l?
3
Suppose 2*a + 3*a = 0. Suppose 4*l - 3*l + 2 = a, 0 = 2*v - l - 6. Suppose 2*x - 61 = -0*x - k, -90 = -3*x - v*k. What is the tens digit of x?
3
Let d = 39 + -39. Let x be -4 + (d - 54) + 3. Let h = -24 - x. What is the units digit of h?
1
Let q(i) = -7*i + 258. Suppose -5*d = -5*t - 25, -2*d - t = 2*d. Let j(r) = -1. Let u(g) = d*q(g) - 2*j(g). What is the hundreds digit of u(0)?
2
What is the ten thousands digit of (-60382)/(-399)*(-165)/(-2)?
1
Suppose -23*u + 22*u + 10504 = -4*q, 0 = -5*q + 25. What is the 